 Let r = -41 - 2. Let h = b - r. What is the units digit of h?
7
Let t(o) = 17*o - 20. Let w be t(4). Suppose 0*y + 4*y = w. Suppose y*u - 355 = 1409. What is the units digit of u?
7
What is the thousands digit of -3327*(6080/48)/(-20)?
1
Let t = -826 - -826. Suppose -4*p + 5318 = -o, 5*p - 7*o + 11*o - 6658 = t. What is the hundreds digit of p?
3
Let g(p) = p + 8. Let f be g(-5). Let x(l) = -9 - 12 + 2 - f - 22*l. What is the hundreds digit of x(-9)?
1
Suppose -269 = -c - 3*x, 6*c - 1061 = 2*c + 3*x. Suppose -2*a - 5*p - 2 = 0, 3*a + 323*p = 325*p + 16. Suppose a*j - c = 838. What is the units digit of j?
6
Let k = -320 + 308. What is the tens digit of (-1 - k - 7) + 523?
2
Suppose 9171 = 21*u - 7923. What is the units digit of u?
4
Suppose -3 = -o + c, o = -0*c + 3*c - 5. Suppose 0 = -w + 4*x + 470, -5*w + o*x + 2334 = 3*x. What is the hundreds digit of w?
4
Let b(t) = 25*t**2 - 43*t - 59. Let a(c) = -14*c**2 + 21*c + 29. Let f(w) = 5*a(w) + 3*b(w). What is the thousands digit of f(-15)?
1
Let b(x) = x**3 - x**2 - 8*x + 6. Let d be b(3). Suppose d = m - 347 + 89. What is the tens digit of m?
5
Suppose 0 = h + 4*h + t - 70, 0 = 2*t + 10. Let o be ((-24)/(-15) - 2) + 2571/h. Let w = -67 + o. What is the tens digit of w?
0
Let h = -15616 - -27487. What is the ten thousands digit of h?
1
Let d(j) = -1020*j**2 + j - 3. Let a be d(3). What is the units digit of a/(-24) - 3/2?
1
Let o = 47 - 41. Suppose o + 6 = -4*n. What is the units digit of 18*(n + 39/9)?
4
What is the thousands digit of 35/56 + 25931/8?
3
Suppose -2*c + 3*m + 2384 = -18970, -5*c + m = -53398. What is the ten thousands digit of c?
1
Let q = -150 - -553. Let l = q + -281. What is the hundreds digit of l?
1
Let l(f) = 7*f**2 + 10*f - 38. Let c(g) = -8*g**2 - 10*g + 39. Let n(p) = 6*c(p) + 7*l(p). Let k be n(-13). Let q(t) = 7*t - 9. What is the units digit of q(k)?
0
Let x(a) = 50*a**2 + 16*a - 282. What is the thousands digit of x(13)?
8
Suppose -35*r - 5*g = -30*r - 63940, -4*r + 51167 = -g. What is the tens digit of r?
9
Let n = 67111 - 39872. What is the tens digit of n?
3
Let h = 172 - 188. Let o = h + 135. What is the units digit of o?
9
Suppose 92 = 4*f - 0*f. Suppose 0 = s - n - f, -n + 95 = 4*s - 6*n. Suppose -s*c + 22*c = 74. What is the tens digit of c?
3
Let h(f) = -3*f**3 - 30*f**2 - 8*f - 53. Let d(z) = -4*z**3 - 31*z**2 - 8*z - 52. Let g(w) = 2*d(w) - 3*h(w). What is the tens digit of g(-26)?
9
Suppose 32*b = 35*b + 4*o - 51257, 3*o = -2*b + 34169. What is the thousands digit of b?
7
Suppose 70 = -18*q - 2. What is the units digit of (76 - -8)/((16/(-10))/q)?
0
Let x = -189 - -347. Let b = x - -448. What is the units digit of b?
6
Let v(g) = -8*g**2 - 23*g + 7. Let x be v(-3). Suppose o = 2*o - x*d - 109, 545 = 5*o - 4*d. What is the hundreds digit of o?
1
Let i = 11036 - 6517. What is the tens digit of i?
1
Let w be (-1)/(-2) - (-243)/18. Let x be (w + -84)*(-3)/(-2). Let l = -51 - x. What is the units digit of l?
4
Let g = -18 + 24. Suppose -5*x = -5*h - 700, -g*x + 2*x - h = -575. Suppose x - 13 = 5*f. What is the tens digit of f?
2
Let x(d) = 33*d**2 - 5*d + 22. Let j be x(5). Let f = j + -461. What is the units digit of f?
1
Let l be ((-453660)/45 + 2/6)*-5. What is the tens digit of l/136 + (-6)/(-16)?
7
Let s(x) = -5*x + 17. Suppose n + 2*n + 927 = -3*q, -3*q + 305 = -n. Let v be n/33 + 4/3. What is the units digit of s(v)?
7
Let u be ((-646)/68)/(0 + (-2)/4824). Suppose 4*p = 23*p - u. What is the units digit of p?
6
What is the ten thousands digit of 10205 + (-2)/(-5)*10/(-4)?
1
Suppose 8*n - 2244 - 41908 = 0. What is the units digit of n?
9
Suppose 0 = -5*o + 2*q + 7453, -o = 4*o - 5*q - 7465. Suppose 7*p - 4681 = -o. What is the units digit of p?
6
Let h(s) = 81*s + 143. Let g(r) = -163*r - 282. Let i(k) = -2*g(k) - 5*h(k). What is the thousands digit of i(-18)?
1
Suppose -4*s = -2*b + 35878, 2*b + 8464*s = 8460*s + 35814. What is the hundreds digit of b?
9
Let t = 32489 - 14676. What is the tens digit of t?
1
Suppose -15*w + 248474 + 63151 = 0. What is the tens digit of w?
7
Suppose -5639*j + 5634*j = -31620. What is the hundreds digit of j?
3
Let m = -3705 - -4517. What is the units digit of m?
2
Suppose -3*z + j = -73159 - 87501, -214218 = -4*z - j. What is the tens digit of z?
5
Let v(y) = -10540*y - 4053. What is the units digit of v(-6)?
7
Let i(s) = -2*s**2 + 38*s + 23. Let t be i(34). Let u = t - -1650. What is the tens digit of u?
5
Let n = -96 - -91. Let i(z) = 8*z + 82. What is the units digit of i(n)?
2
Suppose -4*w + 3*y = -2808, 13*y = -5*w + 17*y + 3509. Suppose 2*l = 5*g - 1565 - w, -5*g + 2295 = 3*l. What is the tens digit of g?
5
Suppose 4*i + 4 - 28 = 0. Let p(c) = -i - 8 - 4*c - 1. What is the units digit of p(-10)?
5
Let d(a) = -4*a + 26. Let s be 4/3*(-9)/(-2). Let r be d(s). Suppose -326 = -5*c + 5*i + 74, r*c = -5*i + 153. What is the tens digit of c?
7
Let j(s) = s**2 + 22*s - 104. Let h be j(-26). Suppose h = 41*t - 37*t - 348. What is the units digit of t?
7
Let n = -35417 - -69334. What is the tens digit of n?
1
Suppose 2*r + 355 = -5*f, -4*r = -2*f - 144 + 2. What is the hundreds digit of f/2*(-36 - 6)/3?
4
Let f(a) = 23*a + 59. Let b(q) = -q**3 - 8*q**2 + 2*q - 18. Let i be b(-9). Let y be ((-300)/i)/(4/(-6)). What is the tens digit of f(y)?
8
Let w be 2/18 + 159/27. Suppose -7*y + 4*y = -w. Suppose 4 = y*d - 18. What is the units digit of d?
1
Let z(m) = -98*m**3 - 29*m**2 - 58*m + 22. What is the ten thousands digit of z(-7)?
3
Let m(f) = 3*f + 14. Let n(r) = r + 1 - 4 - r**2 + r**3 + 6*r + 8*r**2. Let a be n(-4). What is the units digit of m(a)?
5
Let h = 15198 + -10008. What is the tens digit of h?
9
Let u(y) = 6290*y + 1855. What is the tens digit of u(2)?
3
Let n be 48/22 + 1 + 2/(-11). Suppose 0 = n*d - 551 - 487. What is the tens digit of d?
4
Let d(o) = 433*o + 84. Let c be d(6). Suppose -5*f + c = f. What is the hundreds digit of f?
4
Let v(n) be the first derivative of 1/4*n**4 - 4/3*n**3 - 11*n - 3 - 7/2*n**2. What is the tens digit of v(6)?
1
Suppose -3*k + m = -25299, -114*k + 112*k + 5*m = -16853. What is the tens digit of k?
3
Suppose 7*f = 9*f + 6. Let r be (1*-303)/(f/6). What is the units digit of 9/6*r/9?
1
Let z(f) = 21*f + 25. Let y(t) = t + 66. Let x(o) = 33. Let q(h) = -5*x(h) + 2*y(h). Let s be q(20). What is the hundreds digit of z(s)?
1
What is the tens digit of (-42)/(14/(-8) + 2040/1176)?
4
Let f be ((-8)/(-20))/((-5)/(-1625)). Suppose 5 = -5*u + f. What is the tens digit of ((-740)/u)/(2 + (-36)/15)?
7
What is the units digit of (-19 - -559207)/18 + 0?
6
Let y(s) = s**3 + 6*s**2 - 11*s - 4. Let z be y(-8). Let a = -43 - z. What is the units digit of (-20)/(3*1/(a*-9))?
0
What is the units digit of 2*7/(-6)*(1 - 2473)?
8
Let n = -1049 + 8089. Suppose 11*k + 759 = n. What is the tens digit of k?
7
Suppose -30*z = -27*z - 9. Suppose -5*p + z*k + 1377 = 5*k, -3*p + 5*k = -820. What is the units digit of p?
5
Let t be 1/5 - (-216)/45. Suppose 4*p = -5*c + 8 + 32, 13 = -3*c + t*p. Suppose -4*k - 4*o + 266 + 2 = 0, -c*k = -2*o - 244. What is the tens digit of k?
6
Let x(k) = 15*k**3 + 2*k**2 - 3*k + 10. Let b be x(-4). Let t = 960 + b. What is the tens digit of t?
5
Let k be -3 + -5 + 5 + 10. Suppose -17 = -k*h - 3. Suppose v - h*y = -y + 44, -5*y + 140 = 3*v. What is the units digit of v?
5
Let r(x) = 59*x + 214. What is the tens digit of r(14)?
4
Let j be (10 + 1)/(-3 + 3 - 1). Let p(o) = -2*o**2 + 52*o - 13. Let x(l) = -l**2 + 17*l - 4. Let t(c) = j*x(c) + 4*p(c). What is the tens digit of t(-9)?
4
Let v be (32/(-120))/((-4)/30). Let s be (5 - 6)*(1 - 6). Suppose 0 = -v*f + 4*o + 114, -4*o + s*o + 200 = 4*f. What is the units digit of f?
9
Suppose -r = 3 - 20. Let b(v) = -v**2 + 31*v + 18. What is the units digit of b(r)?
6
Let k = -15 - -17. Suppose 6*a = 4*a + k*z + 126, -z = a - 71. Let o = a + 73. What is the units digit of o?
0
Let l(n) = 1408*n**2 + 2638*n - 22. What is the ten thousands digit of l(-7)?
5
Let x = 23 - 5. Suppose k = 3*v + 6*k + 1, 4*v - x = 3*k. Suppose -3*s = -f - 88, -s - v*f = -0*f - 16. What is the units digit of s?
8
Suppose -5*v = 4*v + 15*v - 43776. What is the hundreds digit of v?
8
Let j be (-15)/(1 - -4) - 1 - -160. Suppose 2*q - j + 138 = 0. What is the units di